{"id":116,"date":"2023-03-06T19:57:04","date_gmt":"2023-03-06T18:57:04","guid":{"rendered":"https:\/\/romo-photo.club\/?page_id=116"},"modified":"2024-04-19T11:49:21","modified_gmt":"2024-04-19T09:49:21","slug":"gimp","status":"publish","type":"page","link":"https:\/\/romo-photo.club\/index.php\/activite\/gimp\/","title":{"rendered":"Concours interne"},"content":{"rendered":"\n<h3 class=\"wp-block-heading\"><strong>Vous pouvez acc\u00e9der aux galeries des diff\u00e9rents th\u00e8mes trait\u00e9s<\/strong><\/h3>\n\n\n\n<div class=\"wp-block-columns is-layout-flex wp-container-core-columns-is-layout-9d6595d7 wp-block-columns-is-layout-flex\">\n<div class=\"wp-block-column is-layout-flow wp-block-column-is-layout-flow\" style=\"flex-basis:100%\"><\/div>\n<\/div>\n\n\n\n<div class=\"wp-block-columns is-layout-flex wp-container-core-columns-is-layout-9d6595d7 wp-block-columns-is-layout-flex\">\n<div class=\"wp-block-column is-layout-flow wp-block-column-is-layout-flow\" style=\"flex-basis:33.33%\"><\/div>\n\n\n\n<div class=\"wp-block-column is-layout-flow wp-block-column-is-layout-flow\" style=\"flex-basis:33%\">\n<figure class=\"wp-block-image size-full\"><a href=\"https:\/\/romo-photo.club\/index.php\/sur-letagere\/\"><img loading=\"lazy\" decoding=\"async\" width=\"1920\" height=\"1279\" src=\"https:\/\/romo-photo.club\/wp-content\/uploads\/2024\/04\/Sur-letagere07-Epices-JPG.jpg\" alt=\"\" class=\"wp-image-12899\" srcset=\"https:\/\/romo-photo.club\/wp-content\/uploads\/2024\/04\/Sur-letagere07-Epices-JPG.jpg 1920w, https:\/\/romo-photo.club\/wp-content\/uploads\/2024\/04\/Sur-letagere07-Epices-JPG-300x200.jpg 300w, https:\/\/romo-photo.club\/wp-content\/uploads\/2024\/04\/Sur-letagere07-Epices-JPG-1024x682.jpg 1024w, https:\/\/romo-photo.club\/wp-content\/uploads\/2024\/04\/Sur-letagere07-Epices-JPG-768x512.jpg 768w, https:\/\/romo-photo.club\/wp-content\/uploads\/2024\/04\/Sur-letagere07-Epices-JPG-1536x1023.jpg 1536w\" sizes=\"auto, (max-width: 1920px) 100vw, 1920px\" \/><\/a><figcaption class=\"wp-element-caption\">1er trimestre 2024                            <strong>\u00ab\u00a0Sur l&rsquo;\u00e9tag\u00e8re\u00a0\u00bb<\/strong><\/figcaption><\/figure>\n<\/div>\n\n\n\n<div class=\"wp-block-column is-layout-flow wp-block-column-is-layout-flow\" style=\"flex-basis:33.33%\"><\/div>\n<\/div>\n\n\n\n<div class=\"wp-block-columns is-layout-flex wp-container-core-columns-is-layout-9d6595d7 wp-block-columns-is-layout-flex\">\n<div class=\"wp-block-column is-layout-flow wp-block-column-is-layout-flow\">\n<figure class=\"wp-block-image size-full\"><a href=\"https:\/\/romo-photo.club\/index.php\/le-vent-les-gouttes-rond\/\"><img loading=\"lazy\" decoding=\"async\" width=\"1920\" height=\"1280\" src=\"https:\/\/romo-photo.club\/wp-content\/uploads\/2024\/01\/Ve-Go-RoA-07-IA-1.jpg\" alt=\"\" class=\"wp-image-12482\" srcset=\"https:\/\/romo-photo.club\/wp-content\/uploads\/2024\/01\/Ve-Go-RoA-07-IA-1.jpg 1920w, https:\/\/romo-photo.club\/wp-content\/uploads\/2024\/01\/Ve-Go-RoA-07-IA-1-300x200.jpg 300w, https:\/\/romo-photo.club\/wp-content\/uploads\/2024\/01\/Ve-Go-RoA-07-IA-1-1024x683.jpg 1024w, https:\/\/romo-photo.club\/wp-content\/uploads\/2024\/01\/Ve-Go-RoA-07-IA-1-768x512.jpg 768w, https:\/\/romo-photo.club\/wp-content\/uploads\/2024\/01\/Ve-Go-RoA-07-IA-1-1536x1024.jpg 1536w\" sizes=\"auto, (max-width: 1920px) 100vw, 1920px\" \/><\/a><figcaption class=\"wp-element-caption\">4\u00e8me Trimestre 2023<br><strong>Ronds, Gouttes, Vent <\/strong><\/figcaption><\/figure>\n<\/div>\n\n\n\n<div class=\"wp-block-column is-layout-flow wp-block-column-is-layout-flow\">\n<figure class=\"wp-block-image size-large\"><a href=\"https:\/\/romo-photo.club\/index.php\/vintage\/\"><img loading=\"lazy\" decoding=\"async\" width=\"1024\" height=\"683\" src=\"https:\/\/romo-photo.club\/wp-content\/uploads\/2023\/10\/Vintage21-Disque-p-trem-P1045133c-1-1024x683.jpg\" alt=\"\" class=\"wp-image-11960\" srcset=\"https:\/\/romo-photo.club\/wp-content\/uploads\/2023\/10\/Vintage21-Disque-p-trem-P1045133c-1-1024x683.jpg 1024w, https:\/\/romo-photo.club\/wp-content\/uploads\/2023\/10\/Vintage21-Disque-p-trem-P1045133c-1-300x200.jpg 300w, https:\/\/romo-photo.club\/wp-content\/uploads\/2023\/10\/Vintage21-Disque-p-trem-P1045133c-1-768x512.jpg 768w, https:\/\/romo-photo.club\/wp-content\/uploads\/2023\/10\/Vintage21-Disque-p-trem-P1045133c-1-1536x1024.jpg 1536w, https:\/\/romo-photo.club\/wp-content\/uploads\/2023\/10\/Vintage21-Disque-p-trem-P1045133c-1.jpg 1920w\" sizes=\"auto, (max-width: 1024px) 100vw, 1024px\" \/><\/a><figcaption class=\"wp-element-caption\">3\u00e8me Trimestre 2023 <strong> <\/strong><br><strong>Vintage<\/strong><\/figcaption><\/figure>\n<\/div>\n\n\n\n<div class=\"wp-block-column is-layout-flow wp-block-column-is-layout-flow\">\n<figure class=\"wp-block-image size-large\"><a href=\"https:\/\/romo-photo.club\/index.php\/he-ca-mouille\/\"><img loading=\"lazy\" decoding=\"async\" width=\"1024\" height=\"683\" src=\"https:\/\/romo-photo.club\/wp-content\/uploads\/2023\/07\/He-ca-mouille13-Pat-T-goutelettes-P1041965-1024x683.jpg\" alt=\"\" class=\"wp-image-11549\" srcset=\"https:\/\/romo-photo.club\/wp-content\/uploads\/2023\/07\/He-ca-mouille13-Pat-T-goutelettes-P1041965-1024x683.jpg 1024w, https:\/\/romo-photo.club\/wp-content\/uploads\/2023\/07\/He-ca-mouille13-Pat-T-goutelettes-P1041965-300x200.jpg 300w, https:\/\/romo-photo.club\/wp-content\/uploads\/2023\/07\/He-ca-mouille13-Pat-T-goutelettes-P1041965-768x512.jpg 768w, https:\/\/romo-photo.club\/wp-content\/uploads\/2023\/07\/He-ca-mouille13-Pat-T-goutelettes-P1041965-1536x1024.jpg 1536w, https:\/\/romo-photo.club\/wp-content\/uploads\/2023\/07\/He-ca-mouille13-Pat-T-goutelettes-P1041965.jpg 1920w\" sizes=\"auto, (max-width: 1024px) 100vw, 1024px\" \/><\/a><figcaption class=\"wp-element-caption\">2\u00e8me Trimestre 2023<br><strong>H\u00e9 \u00e7a mouille<\/strong> <\/figcaption><\/figure>\n<\/div>\n<\/div>\n\n\n\n<div class=\"wp-block-columns is-layout-flex wp-container-core-columns-is-layout-9d6595d7 wp-block-columns-is-layout-flex\">\n<div class=\"wp-block-column is-layout-flow wp-block-column-is-layout-flow\">\n<figure class=\"wp-block-image size-large\"><a href=\"https:\/\/romo-photo.club\/index.php\/le-file-dynamique\/\"><img loading=\"lazy\" decoding=\"async\" width=\"1024\" height=\"683\" src=\"https:\/\/romo-photo.club\/wp-content\/uploads\/2023\/04\/File-Dynamique-15-1024x683.jpg\" alt=\"\" class=\"wp-image-10961\" srcset=\"https:\/\/romo-photo.club\/wp-content\/uploads\/2023\/04\/File-Dynamique-15-1024x683.jpg 1024w, https:\/\/romo-photo.club\/wp-content\/uploads\/2023\/04\/File-Dynamique-15-300x200.jpg 300w, https:\/\/romo-photo.club\/wp-content\/uploads\/2023\/04\/File-Dynamique-15-768x512.jpg 768w, https:\/\/romo-photo.club\/wp-content\/uploads\/2023\/04\/File-Dynamique-15-1536x1024.jpg 1536w, https:\/\/romo-photo.club\/wp-content\/uploads\/2023\/04\/File-Dynamique-15.jpg 1920w\" sizes=\"auto, (max-width: 1024px) 100vw, 1024px\" \/><\/a><figcaption class=\"wp-element-caption\">1er Trimestre 2023 <br><strong>Fil\u00e9 dynamique  <\/strong><\/figcaption><\/figure>\n<\/div>\n\n\n\n<div class=\"wp-block-column is-layout-flow wp-block-column-is-layout-flow\">\n<figure class=\"wp-block-image size-large\"><a href=\"https:\/\/romo-photo.club\/index.php\/les-feuilles\/\"><img loading=\"lazy\" decoding=\"async\" width=\"1024\" height=\"1024\" src=\"https:\/\/romo-photo.club\/wp-content\/uploads\/2023\/01\/23-Vert-transparent-Mica-1024x1024.jpg\" alt=\"\" class=\"wp-image-9903\" srcset=\"https:\/\/romo-photo.club\/wp-content\/uploads\/2023\/01\/23-Vert-transparent-Mica-1024x1024.jpg 1024w, https:\/\/romo-photo.club\/wp-content\/uploads\/2023\/01\/23-Vert-transparent-Mica-300x300.jpg 300w, https:\/\/romo-photo.club\/wp-content\/uploads\/2023\/01\/23-Vert-transparent-Mica-150x150.jpg 150w, https:\/\/romo-photo.club\/wp-content\/uploads\/2023\/01\/23-Vert-transparent-Mica-768x768.jpg 768w, https:\/\/romo-photo.club\/wp-content\/uploads\/2023\/01\/23-Vert-transparent-Mica-1536x1536.jpg 1536w, https:\/\/romo-photo.club\/wp-content\/uploads\/2023\/01\/23-Vert-transparent-Mica.jpg 2048w, https:\/\/romo-photo.club\/wp-content\/uploads\/2023\/01\/23-Vert-transparent-Mica-100x100.jpg 100w\" sizes=\"auto, (max-width: 1024px) 100vw, 1024px\" \/><\/a><figcaption class=\"wp-element-caption\"><em>4\u00e8me Trimestre 2022<\/em><br><strong><em>Feuilles<\/em><\/strong><\/figcaption><\/figure>\n<\/div>\n\n\n\n<div class=\"wp-block-column is-layout-flow wp-block-column-is-layout-flow\">\n<figure class=\"wp-block-image size-large\"><a href=\"https:\/\/romo-photo.club\/index.php\/le-noir-et-blanc\/\"><img loading=\"lazy\" decoding=\"async\" width=\"1024\" height=\"1024\" src=\"https:\/\/romo-photo.club\/wp-content\/uploads\/2022\/11\/45-Sabine-zebres2-1024x1024.jpg\" alt=\"\" class=\"wp-image-9389\" srcset=\"https:\/\/romo-photo.club\/wp-content\/uploads\/2022\/11\/45-Sabine-zebres2-1024x1024.jpg 1024w, https:\/\/romo-photo.club\/wp-content\/uploads\/2022\/11\/45-Sabine-zebres2-300x300.jpg 300w, https:\/\/romo-photo.club\/wp-content\/uploads\/2022\/11\/45-Sabine-zebres2-150x150.jpg 150w, https:\/\/romo-photo.club\/wp-content\/uploads\/2022\/11\/45-Sabine-zebres2-768x768.jpg 768w, https:\/\/romo-photo.club\/wp-content\/uploads\/2022\/11\/45-Sabine-zebres2-1536x1536.jpg 1536w, https:\/\/romo-photo.club\/wp-content\/uploads\/2022\/11\/45-Sabine-zebres2-2048x2048.jpg 2048w, https:\/\/romo-photo.club\/wp-content\/uploads\/2022\/11\/45-Sabine-zebres2-100x100.jpg 100w\" sizes=\"auto, (max-width: 1024px) 100vw, 1024px\" \/><\/a><figcaption class=\"wp-element-caption\"> 3\u00e8me Trimestre 2022<br><strong><em>Le Noir et Blanc<\/em><\/strong><\/figcaption><\/figure>\n<\/div>\n<\/div>\n\n\n\n<div class=\"wp-block-columns is-layout-flex wp-container-core-columns-is-layout-9d6595d7 wp-block-columns-is-layout-flex\">\n<div class=\"wp-block-column is-layout-flow wp-block-column-is-layout-flow\">\n<figure class=\"wp-block-image size-large\"><a href=\"https:\/\/romo-photo.club\/index.php\/le-printemps\/\"><img loading=\"lazy\" decoding=\"async\" width=\"1024\" height=\"681\" src=\"https:\/\/romo-photo.club\/wp-content\/uploads\/2023\/03\/PrintempsJ.BOUET-le-printemps-02-1024x681.jpg\" alt=\"\" class=\"wp-image-10448\" srcset=\"https:\/\/romo-photo.club\/wp-content\/uploads\/2023\/03\/PrintempsJ.BOUET-le-printemps-02-1024x681.jpg 1024w, https:\/\/romo-photo.club\/wp-content\/uploads\/2023\/03\/PrintempsJ.BOUET-le-printemps-02-300x200.jpg 300w, https:\/\/romo-photo.club\/wp-content\/uploads\/2023\/03\/PrintempsJ.BOUET-le-printemps-02-768x511.jpg 768w, https:\/\/romo-photo.club\/wp-content\/uploads\/2023\/03\/PrintempsJ.BOUET-le-printemps-02-1536x1022.jpg 1536w, https:\/\/romo-photo.club\/wp-content\/uploads\/2023\/03\/PrintempsJ.BOUET-le-printemps-02.jpg 1920w\" sizes=\"auto, (max-width: 1024px) 100vw, 1024px\" \/><\/a><figcaption class=\"wp-element-caption\">2\u00e8me Trimestre 2022<br><strong><em>Le printemps<\/em><\/strong><\/figcaption><\/figure>\n<\/div>\n\n\n\n<div class=\"wp-block-column is-layout-flow wp-block-column-is-layout-flow\">\n<figure class=\"wp-block-image size-large\"><a href=\"https:\/\/romo-photo.club\/index.php\/lhiver\/\"><img loading=\"lazy\" decoding=\"async\" width=\"1024\" height=\"683\" src=\"https:\/\/romo-photo.club\/wp-content\/uploads\/2023\/03\/Lhiver431A0480-1024x683.jpg\" alt=\"\" class=\"wp-image-10547\" srcset=\"https:\/\/romo-photo.club\/wp-content\/uploads\/2023\/03\/Lhiver431A0480-1024x683.jpg 1024w, https:\/\/romo-photo.club\/wp-content\/uploads\/2023\/03\/Lhiver431A0480-300x200.jpg 300w, https:\/\/romo-photo.club\/wp-content\/uploads\/2023\/03\/Lhiver431A0480-768x512.jpg 768w, https:\/\/romo-photo.club\/wp-content\/uploads\/2023\/03\/Lhiver431A0480-1536x1024.jpg 1536w, https:\/\/romo-photo.club\/wp-content\/uploads\/2023\/03\/Lhiver431A0480.jpg 1920w\" sizes=\"auto, (max-width: 1024px) 100vw, 1024px\" \/><\/a><figcaption class=\"wp-element-caption\">1er Trimestre 2022<br><strong><em>L&rsquo; hiver<\/em><\/strong><\/figcaption><\/figure>\n<\/div>\n\n\n\n<div class=\"wp-block-column is-layout-flow wp-block-column-is-layout-flow\">\n<figure class=\"wp-block-image size-large\"><a href=\"https:\/\/romo-photo.club\/index.php\/podium-theme-patchwork\/\"><img loading=\"lazy\" decoding=\"async\" width=\"1024\" height=\"811\" src=\"https:\/\/romo-photo.club\/wp-content\/uploads\/2023\/03\/PatchworkDSC_8669-1024x811.jpg\" alt=\"\" class=\"wp-image-10479\" srcset=\"https:\/\/romo-photo.club\/wp-content\/uploads\/2023\/03\/PatchworkDSC_8669-1024x811.jpg 1024w, https:\/\/romo-photo.club\/wp-content\/uploads\/2023\/03\/PatchworkDSC_8669-300x238.jpg 300w, https:\/\/romo-photo.club\/wp-content\/uploads\/2023\/03\/PatchworkDSC_8669-768x608.jpg 768w, https:\/\/romo-photo.club\/wp-content\/uploads\/2023\/03\/PatchworkDSC_8669-1536x1217.jpg 1536w, https:\/\/romo-photo.club\/wp-content\/uploads\/2023\/03\/PatchworkDSC_8669.jpg 1616w\" sizes=\"auto, (max-width: 1024px) 100vw, 1024px\" \/><\/a><figcaption class=\"wp-element-caption\">4\u00e8me Trimestre 2021<br><strong><em>Patchwork<\/em><\/strong><\/figcaption><\/figure>\n<\/div>\n<\/div>\n\n\n\n<div class=\"wp-block-columns is-layout-flex wp-container-core-columns-is-layout-9d6595d7 wp-block-columns-is-layout-flex\">\n<div class=\"wp-block-column is-layout-flow wp-block-column-is-layout-flow\"><\/div>\n\n\n\n<div class=\"wp-block-column is-layout-flow wp-block-column-is-layout-flow\"><\/div>\n\n\n\n<div class=\"wp-block-column is-layout-flow wp-block-column-is-layout-flow\"><\/div>\n<\/div>\n","protected":false},"excerpt":{"rendered":"<p>Vous pouvez acc\u00e9der aux galeries des diff\u00e9rents th\u00e8mes trait\u00e9s<\/p>\n","protected":false},"author":2,"featured_media":0,"parent":39,"menu_order":0,"comment_status":"closed","ping_status":"closed","template":"","meta":{"inline_featured_image":false,"_EventAllDay":false,"_EventTimezone":"","_EventStartDate":"","_EventEndDate":"","_EventStartDateUTC":"","_EventEndDateUTC":"","_EventShowMap":false,"_EventShowMapLink":false,"_EventURL":"","_EventCost":"","_EventCostDescription":"","_EventCurrencySymbol":"","_EventCurrencyCode":"","_EventCurrencyPosition":"","_EventDateTimeSeparator":"","_EventTimeRangeSeparator":"","_EventOrganizerID":[],"_EventVenueID":[],"_OrganizerEmail":"","_OrganizerPhone":"","_OrganizerWebsite":"","_VenueAddress":"","_VenueCity":"","_VenueCountry":"","_VenueProvince":"","_VenueState":"","_VenueZip":"","_VenuePhone":"","_VenueURL":"","_VenueStateProvince":"","_VenueLat":"","_VenueLng":"","_VenueShowMap":false,"_VenueShowMapLink":false,"footnotes":""},"class_list":["post-116","page","type-page","status-publish","hentry","post"],"aioseo_notices":[],"_links":{"self":[{"href":"https:\/\/romo-photo.club\/index.php\/wp-json\/wp\/v2\/pages\/116","targetHints":{"allow":["GET"]}}],"collection":[{"href":"https:\/\/romo-photo.club\/index.php\/wp-json\/wp\/v2\/pages"}],"about":[{"href":"https:\/\/romo-photo.club\/index.php\/wp-json\/wp\/v2\/types\/page"}],"author":[{"embeddable":true,"href":"https:\/\/romo-photo.club\/index.php\/wp-json\/wp\/v2\/users\/2"}],"replies":[{"embeddable":true,"href":"https:\/\/romo-photo.club\/index.php\/wp-json\/wp\/v2\/comments?post=116"}],"version-history":[{"count":52,"href":"https:\/\/romo-photo.club\/index.php\/wp-json\/wp\/v2\/pages\/116\/revisions"}],"predecessor-version":[{"id":12997,"href":"https:\/\/romo-photo.club\/index.php\/wp-json\/wp\/v2\/pages\/116\/revisions\/12997"}],"up":[{"embeddable":true,"href":"https:\/\/romo-photo.club\/index.php\/wp-json\/wp\/v2\/pages\/39"}],"wp:attachment":[{"href":"https:\/\/romo-photo.club\/index.php\/wp-json\/wp\/v2\/media?parent=116"}],"curies":[{"name":"wp","href":"https:\/\/api.w.org\/{rel}","templated":true}]}}